h + 535635, -h = -4*x - 107111. Is h prime?
False
Let x(h) = 2 + 12 - 1 + 6 + 70*h. Is x(10) a prime number?
True
Let f be 1*(-48)/(-6) - 0. Let j(x) = 144*x - 43. Is j(f) a prime number?
True
Suppose -11*s - 3 = 19. Let u(k) be the first derivative of 23*k**3/3 - k**2 + k - 9. Is u(s) composite?
False
Let i be ((-76)/(-6))/(2/75). Let z be -3 + (-46)/36*-2 - 403/(-117). Suppose -j - 2*k - 171 = -i, 4*j + z*k - 1201 = 0. Is j prime?
False
Suppose 0 = 3*n + 5*p - 263773, -19*n = -20*n + 2*p + 87917. Suppose -10*o = -n - 45929. Is o a composite number?
True
Let o(n) = 1795*n**2 + 1023*n + 39. Is o(14) a prime number?
True
Let a(n) = 2*n - 4. Let l be a(-7). Is (-7)/(126/(-4)) - 83570/l a composite number?
False
Suppose -4*b - 4*x + 2970504 = 0, 2*b - 7*b = 4*x - 3713125. Is b prime?
False
Let j be (-12)/(1 - -2) + (-416)/16. Is (-20005)/j - (-3)/18 prime?
False
Let c(k) = 16*k + 213. Let q be c(-13). Is (5912 + 7)/(q - 4) prime?
False
Let q be -3*2/6 - 100/4. Let d(w) = 12*w**2 - 7*w + 53. Is d(q) a composite number?
True
Is -1 + ((-2148260)/(-65) - (-18)/(-117)) a prime number?
True
Let h(u) = -28*u**3 + 33*u**2 - 4*u - 42. Let f be h(-14). Suppose -7*v + 29*v - f = 0. Is v a prime number?
False
Let q(u) = 564*u**2 - 10*u - 155. Is q(-6) composite?
True
Let k(a) = 9*a - 8*a + 3*a**3 + 9*a**2 - 46*a**3 + 5. Is k(-6) composite?
True
Suppose -4*u - 4*o + 16 = 0, -2*u + 0*u = o - 8. Suppose 4*z = -u*n + 3972, 4*z - 713 = -n + 265. Suppose 4*k - n - 278 = 0. Is k composite?
True
Let z(a) = a**3 + 6*a**2 - 22*a - 24. Let w be z(-8). Is (8/w*(-1 + -1436))/(-1) a prime number?
True
Let d be ((-9)/12)/(-1)*-16. Suppose 73 = -3*b + 28. Is (3112/d)/(10/b) a prime number?
True
Let i = -11532 - -25675. Is i a composite number?
False
Let h = 141482 + 53529. Is h a composite number?
True
Let f(d) = -2*d**3 + 2*d**2 - 2*d - 3. Let c be f(-3). Let a = c - 75. Suppose a = -3*m + m + 1174. Is m prime?
True
Let c be 0 - (0 + -16 + 1). Let s(m) = -m**3 + 0*m + 48 - 22 + 16*m**2 - m - 3*m. Is s(c) a prime number?
True
Let b be (-1*4/12)/(5/(-15)). Suppose l = -5*t - 1, 0 = -t - b. Suppose l*y = 3*u - 2401, -4*y - 626 = -u + 177. Is u composite?
True
Suppose -j + 142018 = 14*h - 19*h, -5*j - 2*h = -710171. Is j a composite number?
True
Let m be (12/(-3))/((40/(-188))/(-5)). Suppose -3*y - y + 1380 = 0. Let w = y + m. Is w composite?
False
Let n(q) = -3*q + 12. Let s be n(-9). Let h = -27 + 165. Let r = h + s. Is r a composite number?
True
Suppose -16*g - 140663 + 39463 = 0. Let o = -1998 - g. Is o composite?
False
Let b = 57 - 15. Let j = b + -39. Suppose n + 3*g = -0*g + 848, j*n - 2552 = -g. Is n a prime number?
False
Let j = 20 + 98. Let g = -121 + j. Is 2057 + 4*3/g a composite number?
False
Let n = -109175 - -179932. Is n a prime number?
False
Suppose 29*i = 76*i - 14969641. Is i prime?
True
Let n = 203 - 185. Suppose 0 = -n*s - 9*s + 246591. Is s a prime number?
True
Let v be ((-5)/(-3) + -2)*45/(-5). Suppose -2*q - 14213 = 3*i, -v*i + 5*q - 1988 - 12197 = 0. Let l = -3114 - i. Is l composite?
False
Suppose 0 = 31*n - 9*n - 66. Is (3/n - 5) + 6611 composite?
False
Suppose 3*p - 75 = 96. Let g(r) = 2*r**2 - 2*r - 2. Let w be g(-2). Suppose 13*n = w*n + p. Is n a prime number?
True
Let m = 479 + -464. Suppose m*h + 8630 = 50435. Is h composite?
True
Suppose 3*g = -15, 0 = -42*x + 44*x - 3*g - 89129. Is x composite?
True
Suppose -5*t + 25 = -0*t. Let j(o) = -23*o. Let u be j(t). Let c = 1226 + u. Is c a prime number?
False
Let v(f) = -3*f + 10. Let x be v(1). Is x/(-3) - 51860/(-15) a prime number?
False
Suppose 5*x - 3*a = 1188500, 2*a - 235156 = -x + 2531. Is x composite?
True
Suppose -3*b + 2*c - 800553 = -3*c, 0 = -5*b + 2*c - 1334274. Is b/(-40) + (-10)/25 composite?
True
Suppose 3 = -t - 5*y, -6*t + 2*y = -t - 66. Suppose -g = z - 2809, 4*z + t + 4 = 0. Is g prime?
False
Is -11 - (-1 - (11 - -117496)) a composite number?
False
Let i = -36 + 41. Is (i + 13384)/(3 - 0) composite?
False
Suppose 19*r - 469406 = 5*r. Is r composite?
False
Let n = 2102681 - 682890. Is n a composite number?
False
Is (-2)/(-29) + (-685755098)/(-2726) a composite number?
False
Let p be (3/4)/((-4)/(-96))*24. Suppose p + 3 = -k. Let b = k + 638. Is b prime?
False
Let f = 366655 + -143294. Is f composite?
False
Let k = -2677646 + 3838213. Is k a composite number?
False
Is (18517/(-2))/(23 - 846/36) composite?
False
Is (-2)/(((-44)/23726)/11) prime?
True
Let l(r) = -2*r**3 + 5*r**2 + 7*r + 5. Let u be l(6). Let v(i) = 439*i + 4. Let o be v(2). Let a = u + o. Is a composite?
False
Suppose 302*s + 622492 + 326716 = 310*s. Is s composite?
True
Let f be (-5)/((-105)/6) - (-6)/(-21). Suppose f = 2*s - 3*u - 5019, 5*s - 5*u = -3*u + 12575. Is s a composite number?
True
Suppose 1 = 4*a - 11. Suppose -5*k - j + 3*j = -5, -3*k = 3*j - 3. Is (a - -266 - k) + -1 a prime number?
False
Let f = 3290 + -13973. Is 1/((-74784)/f + -7) a prime number?
False
Suppose -3*v + 3*p - 930 = 0, -5*p + 1264 = -3*v + 328. Let a = v + 870. Suppose -2*y + y = 4*b - 105, -5*y = b - a. Is y prime?
True
Suppose 3*h + 1 = -2*c - 5, 0 = -c - h - 1. Suppose -c*l = -1673 - 3484. Suppose 3*a - 2*v - l = 0, -5*v = a - 450 - 106. Is a a composite number?
False
Is (-25)/(-125) + (1835903/5 - (-11)/55) a composite number?
False
Suppose -4*d = -3*q - 2*q - 4581, 3*d - 2*q - 3434 = 0. Suppose -2*w = -4614 - d. Is w a composite number?
False
Suppose 2*j = -j + 2*j + 53195. Is j a composite number?
True
Let a be ((-6)/(-4))/(66/220). Suppose u + a*r = 2*u - 5514, 11016 = 2*u + 2*r. Is u a prime number?
False
Let o(m) = -m**2 + 3*m + 4. Let h be o(3). Let c be (-224)/104 + 2/13. Is c/(h*1/(-2742)) composite?
True
Suppose -3*l + 4*d = -4223, -37*d = -4*l - 36*d + 5609. Is l composite?
True
Is (((-160)/15 - -5 - -4) + 2)*81195 composite?
True
Suppose 4*k + 249 = -2*q + 1333, -3*k - 522 = -q. Let u = 2029 + q. Is u a prime number?
False
Is (-1 - -1224651)/14 - 48/4 a prime number?
False
Let x = -1 - -15. Suppose -6*w + 5*w = -x. Suppose -4*f - 790 = -w*f. Is f a prime number?
True
Let b = 25289 - 17790. Is b a prime number?
True
Let w(j) = -3*j + 69. Let d be w(22). Suppose 4*h - 340 = -4*u, -u + 8*h - d*h + 85 = 0. Is u composite?
True
Let i(p) = p**3 - 31*p**2 + 12. Let t be i(31). Suppose 1289 = t*s - 907. Is s prime?
False
Suppose 11*b + 83 = 127. Suppose 0 = -f - 2*y + 1307, 4*f + 2212 - 7460 = -b*y. Is f a composite number?
True
Let g(s) be the second derivative of s**5/3 + 11*s**4/8 - 2*s**3/3 + 29*s. Let h(k) be the second derivative of g(k). Is h(11) a prime number?
False
Let j = -91888 + 147549. Is j a prime number?
True
Suppose 22*g + 69194 = -5*p + 26*g, 55354 = -4*p + 2*g. Let y = 24951 + p. Is y a prime number?
True
Let f = -11789 - -22692. Is f prime?
True
Let v = 210809 - -54674. Is v a prime number?
True
Let d be (-4)/18 - 38/(-9). Let z(i) = 37*i**3 - 3*i**2 + 3*i + 1. Is z(d) a composite number?
False
Let x(z) = -19*z**3 + z**2 - 1. Suppose 2*m + 12 = 6*m - 4*j, 11 = 2*m - j. Let d = 7 - m. Is x(d) prime?
True
Is (527/34 + -14)/(6/1638004) prime?
False
Suppose -h = 3*i - 8, 0*i + 2*i + 4*h - 2 = 0. Let o(a) = 388*a - 34. Let r(t) = -3*t + 2. Let v(j) = o(j) + r(j). Is v(i) composite?
False
Let h(l) = -35*l**2 + 2*l. Let i be h(11). Suppose 0*m + 28404 = -4*f - 4*m, -5*f - 35504 = 4*m. Let y = i - f. Is y a composite number?
False
Is (38 + (-46 - -10))/((-4)/(-271598)) composite?
False
Let i be 6/(72/(-42))*12/(-7). Suppose -p = 0, -i*c + 3*c = -5*p - 11451. Is c prime?
False
Suppose 2*o - 35647 = -3*q, -4*q - 7*o + 8*o + 47544 = 0. Is q a composite number?
True
Let g = 153 + 834. Let t(d) = 14*d**2 - 2*d - 2. Let b be t(3). Suppose w = g - b. Is w a prime number?
False
Suppose 4 = 3*x - 7*x. Let s = -118 + x. Let h = s - -184. Is h a composite number?
True
Suppose 4*w = 2*x - 53418 - 81052, 0 = 5*w + 10. Is x a composite number?
False
Let t(n) = -14*n**2 + 26*n**3 - 11*n**3 + 11*n**2 - 7*n**2 + 5 + n. Let f be 1/((-2)/(-8)*1). Is t(f) prime?
True
Suppose a + h - 155497 = 224659, h = 4*a - 1520619. Is a a prime number?
False
Suppose 55*c + 3*i = 59*c - 1144691, 0 = -c - 2*i + 286159. Is c a composite number?
True
Let s(w) be the third derivative of -w**5/60 - 5*w**4/8 - 5*w**3 - 15*w**2. Let h be s(-12). Is 4/32*